 of 115545?
5
What is the tens digit of 4114137?
3
What is the tens digit of 942753?
5
What is the units digit of 865846?
6
What is the hundreds digit of 1932645?
6
What is the hundreds digit of 910064?
0
What is the hundreds digit of 1092605?
6
What is the hundred thousands digit of 1706239?
7
What is the ten thousands digit of 101156?
0
What is the hundred thousands digit of 6866709?
8
What is the thousands digit of 447335?
7
What is the millions digit of 1426114?
1
What is the units digit of 9473616?
6
What is the hundred thousands digit of 1891958?
8
What is the tens digit of 276241?
4
What is the thousands digit of 3935302?
5
What is the thousands digit of 97778?
7
What is the tens digit of 1944352?
5
What is the hundreds digit of 8967611?
6
What is the units digit of 7152749?
9
What is the thousands digit of 1166279?
6
What is the millions digit of 2808871?
2
What is the units digit of 2378284?
4
What is the hundreds digit of 34349?
3
What is the thousands digit of 4772503?
2
What is the tens digit of 522045?
4
What is the hundreds digit of 1407223?
2
What is the hundred thousands digit of 1393440?
3
What is the hundreds digit of 983883?
8
What is the hundred thousands digit of 369210?
3
What is the tens digit of 499098?
9
What is the tens digit of 354907?
0
What is the hundred thousands digit of 521902?
5
What is the ten thousands digit of 349536?
4
What is the thousands digit of 7789339?
9
What is the units digit of 11657996?
6
What is the ten thousands digit of 3178005?
7
What is the tens digit of 11139947?
4
What is the hundred thousands digit of 6191441?
1
What is the tens digit of 227059?
5
What is the hundreds digit of 4658786?
7
What is the hundred thousands digit of 4400405?
4
What is the units digit of 190462?
2
What is the thousands digit of 796227?
6
What is the tens digit of 216042?
4
What is the hundred thousands digit of 451247?
4
What is the thousands digit of 11380658?
0
What is the units digit of 30915142?
2
What is the ten thousands digit of 6501157?
0
What is the thousands digit of 8608296?
8
What is the hundreds digit of 14150424?
4
What is the ten thousands digit of 9537214?
3
What is the ten thousands digit of 865154?
6
What is the ten millions digit of 17591921?
1
What is the tens digit of 290568?
6
What is the units digit of 106272?
2
What is the hundreds digit of 1131856?
8
What is the ten millions digit of 15278071?
1
What is the tens digit of 12165705?
0
What is the units digit of 1842757?
7
What is the tens digit of 712361?
6
What is the ten thousands digit of 113403?
1
What is the thousands digit of 165890?
5
What is the thousands digit of 3183061?
3
What is the millions digit of 5204047?
5
What is the units digit of 2376920?
0
What is the millions digit of 11955824?
1
What is the tens digit of 47014?
1
What is the tens digit of 221381?
8
What is the units digit of 218616?
6
What is the tens digit of 1203481?
8
What is the units digit of 48041?
1
What is the hundreds digit of 787664?
6
What is the units digit of 2255960?
0
What is the units digit of 18335775?
5
What is the units digit of 1918010?
0
What is the tens digit of 450066?
6
What is the ten thousands digit of 750178?
5
What is the tens digit of 4443935?
3
What is the millions digit of 2703677?
2
What is the ten thousands digit of 15960677?
6
What is the thousands digit of 13072?
3
What is the thousands digit of 748482?
8
What is the tens digit of 755764?
6
What is the thousands digit of 219527?
9
What is the thousands digit of 45606?
5
What is the hundreds digit of 24753913?
9
What is the hundreds digit of 518501?
5
What is the tens digit of 254630?
3
What is the thousands digit of 105125?
5
What is the tens digit of 4702885?
8
What is the millions digit of 3763685?
3
What is the hundreds digit of 5354843?
8
What is the thousands digit of 1469304?
9
What is the thousands digit of 567739?
7
What is the hundreds digit of 28367375?
3
What is the units digit of 1385840?
0
What is the tens digit of 236691?
9
What is the tens digit of 455932?
3
What is the hundreds digit of 352196?
1
What is the thousands digit of 338657?
8
What is the hundred thousands digit of 170746?
1
What is the thousands digit of 450057?
0
What is the hundreds digit of 511475?
4
What is the tens digit of 7635005?
0
What is the thousands digit of 4420444?
0
What is the thousands digit of 93683?
3
What is the hundreds digit of 3863504?
5
What is the hundred thousands digit of 1806273?
8
What is the tens digit of 145325?
2
What is the ten thousands digit of 443312?
4
What is the hundred thousands digit of 4335377?
3
What is the units digit of 6066647?
7
What is the thousands digit of 13690193?
0
What is the hundred thousands digit of 851503?
8
What is the thousands digit of 4385197?
5
What is the hundreds digit of 3840059?
0
What is the units digit of 3284995?
5
What is the millions digit of 15213529?
5
What is the units digit of 53925?
5
What is the ten millions digit of 12734152?
1
What is the thousands digit of 3173359?
3
What is the ten thousands digit of 1518665?
1
What is the thousands digit of 327255?
7
What is the ten millions digit of 27587370?
2
What is the ten thousands digit of 165515?
6
What is the ten thousands digit of 55825?
5
What is the hundred thousands digit of 164262?
1
What is the thousands digit of 2444913?
4
What is the hundreds digit of 13433237?
2
What is the units digit of 792113?
3
What is the hundred thousands digit of 633908?
6
What is the ten thousands digit of 24408823?
0
What is the ten thousands digit of 9303311?
0
What is the thousands digit of 2410900?
0
What is the ten thousands digit of 17556322?
5
What is the ten thousands digit of 514988?
1
What is the tens digit of 136290?
9
What is the hundred thousands digit of 291306?
2
What is the hundred thousands digit of 736019?
7
What is the tens digit of 352341?
4
What is the thousands digit of 8680863?
0
What is the units digit of 5666220?
0
What is the thousands digit of 326745?
6
What is the millions digit of 6959780?
6
What is the units digit of 753357?
7
What is the hundreds digit of 1981348?
3
What is the hundreds digit of 281297?
2
What is the ten thousands digit of 4073724?
7
What is the hundred thousands digit of 1592354?
5
What is the hundreds digit of 4269425?
4
What is the thousands digit of 1200175?
0
What is the thousands digit of 1599866?
9
What is the ten thousands digit of 1124647?
2
What is the tens digit of 1387748?
4
What is the hundred thousands digit of 4266719?
2
What is the hundred thousands digit of 29541891?
5
What is the tens digit of 1492789?
8
What is the thousands digit of 7737?
7
What is the hundreds digit of 35302?
3
What is the hundreds digit of 366611?
6
What is the hundred thousands digit of 8345106?
3
What is the ten thousands digit of 8323541?
2
What is the ten thousands digit of 1949647?
4
What is the hundreds digit of 30036277?
2
What is the thousands digit of 109589?
9
What is the hundreds digit of 231712?
7
What is the units digit of 300476?
6
What is the hundred thousands digit of 1063359?
0
What is the ten thousands digit of 1181722?
8
What is the thousands digit of 300951?
0
What is the hundred thousands digit of 289817?
2
What is the millions digit of 1635091?
1
What is the hundreds digit of 11317014?
0
What is the hundreds digit of 9800998?
9
What is the hundreds digit of 5037063?
0
What is the tens digit of 1640?
4
What is the ten thousands digit of 42286?
4
What is the ten thousands digit of 11091705?
9
What is the tens digit of 409409?
0
What is the tens digit of 5948680?
8
What is the units digit of 9278242?
2
What is the hundreds digit of 576187?
1
What is the ten thousands digit of 6805363?
0
What is the hundred thousands digit of 338866?
3
What is the units digit of 211188?
8
What is the millions digit of 6074540?
6
What is the ten thousands digit of 12129?
1
What is the hundred thousands digit of 558066?
5
What is the millions digit of 10165783?
0
What is the hundred thousands digit of 118401?
1
What is the thousands digit of 18618080?
8
What is the hundreds digit of 502773?
7
What is the ten thousands digit of 9909621?
0
What is the units digit of 832954?
4
What is the thousands digit of 493886?
3
What is the units digit of 536693?
3
What is th